third derivative of -5*p**4/24 - 5*p**3/3 - 10*p**2. What is the remainder when g(c) is divided by 9?
7
Suppose b - 5*d - 15 = 0, 3*d - 16 + 1 = 3*b. What is the remainder when 46 is divided by (b/(-2))/((-22)/(-44))?
6
Let a(p) = -5*p - 1. Let r be a(-4). Suppose 0 = -3*z + 71 + r. Calculate the remainder when (-24)/(-9)*z/8 is divided by 3.
1
Let o(m) = m**2 + 5*m + 1. Let s(t) = -21*t - 372. Calculate the remainder when s(-19) is divided by o(-6).
6
Suppose -32*z + 1485 = -5*z. What is the remainder when z is divided by (9/(-1))/(9/(-12))?
7
Let p be -2 + (-1 - -15)/((-8)/(-4)). Suppose -4*q + 3*d = -25, -20 = -5*d + p. Calculate the remainder when q is divided by 3.
1
Suppose 18*a - 1035 = 3*a. What is the remainder when 409 is divided by a?
64
Let i(w) = 5*w**2 - w + 1. Let z be i(-1). Let v(s) = -s**3 + 7*s**2 - 5. Let l be v(z). Let a(h) = -6*h - 9. What is the remainder when 79 is divided by a(l)?
16
Suppose 6*n + 5*n - 407 = 0. Calculate the remainder when 105 is divided by n.
31
Let z = 838 - 548. What is the remainder when z is divided by 49?
45
Suppose 4*p - 121 = 247. Suppose 4*u - 3*u - 6 = -3*n, 0 = -4*u + 5*n + p. What is the remainder when 67 is divided by u?
13
Let i = -31 + 52. Suppose -5*d + p = -18 + 5, -d - 4 = 2*p. Suppose d*b + o = 124, -30 = 3*b - 4*o - 194. Calculate the remainder when b is divided by i.
18
Suppose 0*w + 25 = 3*w - 2*f, f = -2. Let n = -23 + 90. Calculate the remainder when n is divided by w.
4
Suppose 22 = 3*k + 7. Suppose -157 - 113 = -k*o. Calculate the remainder when o is divided by 20.
14
Suppose 19*x - 2279 = 39. Let u(n) = 32*n**2 - 1. What is the remainder when x is divided by u(-1)?
29
Let m(g) = -g**2 + 7*g + 3. Suppose b + 2*b + 20 = -5*j, 18 = 2*j - 4*b. Let o(n) = 35*n**2 + 3*n + 2. Calculate the remainder when o(j) is divided by m(6).
7
Suppose -6*m - 2*h = -4*m - 130, -h = -5. Let x = m - 23. Let s(o) = 4*o**2 - 2*o. What is the remainder when x is divided by s(-2)?
17
Let c(y) = 16 - 4*y**2 - 8*y**2 + 13*y**2 - 13*y. What is the remainder when 27 is divided by c(13)?
11
Let u = -63 - -51. Let o = 47 + 30. Calculate the remainder when o is divided by (-22)/(-1) + u + 16.
25
Let m be 18/(-7)*(-70)/15. Suppose 2*p + 38 = -0*q + 5*q, m = 4*q + 3*p. Calculate the remainder when 21 is divided by q.
3
Let i(w) = w**3 + 10*w**2 - 29*w - 14. Calculate the remainder when 179 is divided by i(-12).
41
Suppose 25 = -r + 6*r - 5*j, -3*r - 3*j - 15 = 0. Suppose r = -0*z + 3*z - 54. Calculate the remainder when 50 is divided by z.
14
Let p(y) = 2*y**2 + 26*y + 101. Calculate the remainder when p(-11) is divided by ((-2)/4)/((-6)/216).
3
Suppose -2*p - 308 = 5*p. Let d = 129 + p. What is the remainder when d is divided by 11?
8
Let w = -143 - -156. Suppose -2*p = 5*m - 4*m - 6, -2*p + 30 = -5*m. Calculate the remainder when w is divided by p.
3
Let i(n) = -10*n - 9. What is the remainder when i(-8) is divided by 15?
11
Let j(i) = 4*i**2 - 85*i - 13. What is the remainder when j(36) is divided by 96?
95
Suppose c = p + p - 21, 3*p = 3*c + 39. Let g(r) = -r**3 + 6*r**2 + 4*r - 2. Calculate the remainder when g(6) is divided by p.
6
Suppose 2*d - 5*v - 461 = 0, -5*d - 2*v + 550 + 588 = 0. Calculate the remainder when d is divided by 74.
6
Calculate the remainder when 317 is divided by 93*1 + (-2310)/210.
71
Let c = 273 - 152. Calculate the remainder when c is divided by (0 + 1)*28 - -3.
28
Let d = -17 + 18. What is the remainder when ((-6 - -5) + 64)/d is divided by 22?
19
Suppose -1416*p = -1418*p + 36. What is the remainder when 98 is divided by p?
8
Suppose 2*y = -0*y + 42. Suppose 8*t = 9*t - 10. Let n = t + y. Calculate the remainder when 90 is divided by n.
28
Suppose 5*v - 5*d + 570 = 0, 2*d - 6 + 2 = 0. Let k = v - -169. What is the remainder when k is divided by 15?
12
Let n(u) = 9*u + 13. Let o be n(-3). Let s(a) = -4*a - 10. Calculate the remainder when s(o) is divided by 24.
22
Suppose 14*o + 429 = 25*o. What is the remainder when 149 is divided by o?
32
Let w = 4 + 1. Suppose -4*b + 0*b + w = -v, b = 3. Suppose -8*u = -v*u - 70. Calculate the remainder when u is divided by 18.
16
Let f(m) = -19*m. Suppose 2*i = -2*i + 5*j - 353, -3 = -3*j. Let g = -77 - i. Calculate the remainder when f(-1) is divided by g.
9
Suppose 74 = 3*b - 67. Calculate the remainder when b is divided by 26.
21
What is the remainder when 2/(-1*8) + (-22113)/(-468) is divided by 116/10 + (-6)/(-15)?
11
Suppose 0 = -2*x - 3*x + 115. Suppose -2*v - 48 = h, 4*h = -v - 132 - 32. Let y = 108 + h. What is the remainder when y is divided by x?
22
Let a(f) = -f**3 - 8*f**2 - 3*f - 19. Let k be a(-8). Suppose k*i = -0*i + 190. Let w = i - 10. Calculate the remainder when w is divided by 10.
8
Let d = 67 - 38. Let x(b) = b**3 - 13*b**2 - 10*b - 1. What is the remainder when x(14) is divided by d?
26
Suppose -m - 2346 = -35*m. What is the remainder when m is divided by 14?
13
Suppose 8*c - 41 = 31. Calculate the remainder when c is divided by 3 - (-2 - 2 - -2).
4
Let o = 568 - 551. What is the remainder when 29 is divided by o?
12
Let z = 11 - -16. Suppose -3*c - 3*i = -1 - 38, 2*c + 3*i - 31 = 0. Calculate the remainder when z/2 - (-3)/(-6) is divided by c.
5
Let u = 234 - 159. Calculate the remainder when u is divided by 26.
23
Suppose 9*o = 4*o + 5, -3*o - 205 = -4*n. Suppose -14*k + 196 = -70. What is the remainder when n is divided by k?
14
Let y be (96/10)/(-5 - 156/(-30)). Suppose -10*l = -6*l - y. Calculate the remainder when 19 is divided by l.
7
Suppose -5*j - 2*h + 35 = -0*j, -2*j - 3*h + 25 = 0. Suppose 2*s = -3*q + 97, -29 = -j*q + 5*s + 91. What is the remainder when q is divided by 15?
14
Let b(t) = -3 + 7*t - 102*t**3 - 14*t + 5*t + 1. What is the remainder when b(-1) is divided by 35?
32
Suppose 2*d + 15 = -7. Let w = d - -13. Suppose w*o - 12 = 2. What is the remainder when 19 is divided by o?
5
Suppose 2*u = 5 + 5. Let v(k) = 4*k - 9. Let m be v(12). Suppose -u = -4*c + m. What is the remainder when 41 is divided by c?
8
Let n(l) = 2*l**2 - 26*l + 42. What is the remainder when n(13) is divided by 5?
2
Let b(h) = 2*h**3 - 2*h**2 + 2*h - 1. Suppose 4*n - 2*n - 8 = 0. Let v be (3/n)/(6/16). What is the remainder when 19 is divided by b(v)?
8
Let s = -37 + 71. Let z = -209 + 222. Calculate the remainder when s is divided by z.
8
What is the remainder when 15 is divided by ((-1313)/606)/(7/(-6) + 1)?
2
Calculate the remainder when (4 - 3)*(1 - 3 - -165) is divided by 61.
41
Suppose -y + 6 = -16. Let v be 280/88 - 2/11. Suppose -4*g - y = -f, v*f + 2*g - 26 = 40. What is the remainder when 86 is divided by f?
20
What is the remainder when (-23330)/(-60) + (-14)/(-12) + -1 is divided by 14?
11
Let a(t) = t**3 + 8*t**2 + 11*t + 2. What is the remainder when 91 is divided by a(-6)?
3
Let c(p) = 6*p**3 + 4*p**2 - 3*p - 1. Let i be (-3 - 22/(-6))/((-5)/(-15)). Calculate the remainder when c(i) is divided by 18.
3
Let r be (-1)/(-6) + 335*(-2)/(-12). Suppose u - s = 4*s + r, 129 = 3*u - 2*s. Calculate the remainder when 160 is divided by u.
37
Suppose -3*n + 9 = 0, -4*n = -5*i - 36 + 114. Calculate the remainder when 38 is divided by i.
2
What is the remainder when 121 is divided by -5*((-392)/20)/7?
9
Let o(h) = -2*h**2 - 7. Let z be o(0). Let s(t) be the third derivative of -t**4/8 - 7*t**3/3 + t**2. What is the remainder when s(z) is divided by 5?
2
Suppose -c = 2*c - 66. Let y = 32 - c. Suppose 3*d = -2*w + 21, -25 + y = -w - 3*d. What is the remainder when 23 is divided by w?
5
What is the remainder when 135 is divided by (16/(-12))/((-2)/69)?
43
Suppose 3*c + 12 = 54. Let x be 1*(c + 2)/4. Calculate the remainder when (-2)/x*(-44)/1 is divided by 6.
4
Let o(w) = 4*w**2 + 59*w + 190. What is the remainder when o(-33) is divided by 100?
99
Calculate the remainder when 187 is divided by 7/(-1)*((-48)/4 + 3).
61
Let u = -218 - -233. Calculate the remainder when 131 is divided by u.
11
Suppose 6*q - 10*q + 32 = 0. Suppose -t + 10 + q = 0. What is the remainder when t is divided by 10?
8
Let a(y) = 7*y**3 - 2*y**2 + 3*y - 2. Let f be a(1). Suppose f*c - 19 = 17. Calculate the remainder when 11 is divided by c.
5
Let c(u) = -u**3 + 7*u**2 + 5*u - 4. Let x be c(6). Let j = -27 + x. What is the remainder when j is divided 